is the greatest common divisor of o and 104?
13
Let p(a) = 3*a - 3. Let w be p(4). Suppose w*x - 5*x = 132. Let z(t) = 7*t**2 + 4*t + 2. Let q be z(-2). What is the highest common divisor of x and q?
11
Suppose -47*m = -48*m + 2. What is the highest common divisor of 3 and m?
1
Let h(w) = -17*w + 4. Let z = 20 + -24. Let q be h(z). What is the greatest common divisor of 8 and q?
8
Let z(d) = 3*d**3. Let n be z(1). Suppose -n*x + 24 = -42. What is the greatest common factor of x and 33?
11
Let h(x) = -x + 17. Let w be h(4). What is the highest common divisor of 13 and w?
13
Suppose -3*f + 2 = -f. What is the greatest common divisor of f and 4?
1
Let x = 51 + 4. Calculate the highest common divisor of x and 22.
11
Let a be 1*-1*(0 + -6). Let p be (-8)/12 + (-28)/(-6). Suppose -p*c = -4 - 8. Calculate the greatest common divisor of a and c.
3
Suppose 2*d - 555 + 129 = 0. Let h be -1 + 0 - d/(-3). Calculate the greatest common factor of 10 and h.
10
Suppose 4*z + o - 216 = -0*z, -216 = -4*z + o. Suppose 4*x = 9*x - 405. What is the greatest common factor of x and z?
27
Let r be (9/4)/(51/1496). Let w be ((-2)/(-4))/(2/(-16)). Let z be 1*w*3/(-2). Calculate the highest common factor of z and r.
6
Let d = 0 - -7. Suppose -c + 547 = -3*k, -4*c + k = -2879 + 724. Suppose -d*x + 3*x + c = 2*p, 4*p = -12. Calculate the highest common divisor of x and 17.
17
Suppose -5*b + 3*z + 362 = 0, -3*b + z + 21 = -193. Suppose 2*p = -2*p. Suppose -3*m + m + b = p. What is the highest common factor of 5 and m?
5
Let g = 330 - 110. What is the highest common factor of 20 and g?
20
Let w be (-4)/(-6)*18/6 - -9. Let o(m) = 0*m**3 - 9*m + 12*m**2 - m**3 - 12 + 0*m**3. Let l be o(w). What is the highest common divisor of l and 4?
2
Let a(n) be the second derivative of -5*n**3 + 4*n. Let u be a(-1). Calculate the greatest common factor of u and 15.
15
Suppose 0*z = 5*z - 10. Calculate the highest common divisor of 1 and z.
1
Suppose -748 = -4*b + 116. Calculate the highest common divisor of b and 27.
27
Suppose -3*n - 417 = -0*n. Let p = -82 - n. Let i = 25 - 6. What is the greatest common divisor of i and p?
19
Let q be 50/20 + (-1)/(-2). Let n(a) = 3*a**3 - 3*a**2 - a + 3. Let w be n(q). Calculate the greatest common divisor of 81 and w.
27
Suppose 5 = -u + 28. Let c = u + -8. Calculate the greatest common factor of 6 and c.
3
Let z = 101 + -72. What is the greatest common factor of 261 and z?
29
Suppose -p + 107 = 4*y, -2*p + 3*y = -182 - 10. Let d(l) = 4*l - 3. Let b be d(3). Calculate the greatest common factor of b and p.
9
Let f(d) = 36*d + 1 + 105*d - 33*d + 122*d. Let b be f(1). Calculate the highest common divisor of 21 and b.
21
Suppose -2*x = 2*u - 21 - 3, 0 = 3*x + 5*u - 40. What is the highest common factor of 160 and x?
10
Suppose -4*z + 4*w = 16, z - 3*w = -z - 8. Let n be (-71)/z + 4/16. Calculate the greatest common factor of 162 and n.
18
Suppose 4*q - b = -5*b + 180, 0 = 2*b - 10. Let v = -12 - -22. Calculate the greatest common divisor of v and q.
10
Let g be -1 - (-2 + 0 + -252). What is the greatest common divisor of g and 23?
23
Suppose 3*f + 5*z - 45 = -0*f, 2*f - 2*z - 14 = 0. Let k = 8 + -6. Let y = 3 + k. Calculate the highest common divisor of f and y.
5
Let j(h) = h**2 + 4*h + 1. Let v be j(-5). Calculate the greatest common factor of 48 and v.
6
Let r(v) = -2*v**2 + 39*v + 22. Let j be r(20). What is the highest common factor of 2 and j?
2
Suppose 0 = -2*l + 4*l - c - 47, 22 = 2*l + 4*c. Calculate the greatest common factor of 21 and l.
21
Let u be 5 + 1*(0 + -1). Suppose 0*b + u = b. Suppose 0*r - 32 = -r. Calculate the highest common factor of r and b.
4
Let z = 7 + 8. Suppose 0*q - q - 21 = -4*w, 5*w + 2*q = 23. What is the highest common divisor of w and z?
5
Let c(o) = 3*o - 8. Let z be c(18). What is the greatest common factor of 69 and z?
23
Suppose 18 = -3*l + l. Let g = 21 - l. What is the greatest common divisor of g and 10?
10
Let w = 68 + -48. Calculate the greatest common factor of 40 and w.
20
Let v(t) = 2*t**2 - 20*t + 20. Let n be v(13). What is the highest common divisor of n and 14?
14
Let x(c) = -c**3 + 6*c**2 - 6*c + 1. Let z be x(4). Suppose 3*r - 27 = -z. Calculate the highest common factor of r and 2.
2
Let o(p) = 6*p - 12. Let n be o(-9). Let i = n + 273. Suppose 4*x - i = -2*v + x, 2*v - 172 = 4*x. Calculate the highest common factor of 12 and v.
12
Suppose -2 = -5*o - 57. Let r = -6 - o. Let q(y) = y + 40. Let d be q(0). Calculate the highest common divisor of d and r.
5
Suppose 0 = 3*o - 4*u - 169 + 22, -o + 49 = -5*u. Calculate the highest common factor of o and 49.
49
Suppose -4*v = 5*m - 58, 0*v = -5*m + 2*v + 76. Let a = 554 - 428. Calculate the highest common divisor of m and a.
14
Let s be (48/(-15))/(4/(-10)). Let h = s - -19. Calculate the greatest common divisor of h and 9.
9
Let f(i) = 2*i - 7. Let m(n) = -n + 3. Let c(v) = 3*f(v) + 5*m(v). Let d be c(7). What is the highest common factor of 4 and d?
1
Suppose 2*t + 2 = v + t, 3*t = 2*v - 4. Let w be (v/6*0)/1. Let l = 7 + w. Calculate the highest common divisor of l and 63.
7
Let w(b) = 5*b + 25. Let n be w(-10). Let r be (24/(-15))/(1/n). Calculate the highest common factor of r and 10.
10
Let i = -1 + 7. What is the greatest common divisor of i and 15?
3
Suppose 2*z - 4*p = 0, 2*z = -0*z + 3*p. Suppose -6*d + 3*d + j + 17 = z, -28 = -4*d - 4*j. What is the greatest common divisor of d and 42?
6
Let u be 66/(-8)*(-256)/24. Calculate the greatest common factor of u and 11.
11
Let m(f) = -5*f**3 - f - 1. Let k = 5 + -6. Let j be (k + 2 + -3)/2. Let r be m(j). Calculate the highest common divisor of 45 and r.
5
Let h = 2 - 0. Suppose -5*d + o - h = 0, 3*d - 2*o = -2 - 2. Suppose d*m + 16 = m. Calculate the highest common divisor of m and 2.
2
Let d(z) be the second derivative of -2*z + 1/6*z**3 - 1/2*z**2 + 1/3*z**4 + 0. Let r be d(1). What is the greatest common factor of 6 and r?
2
Let l be 5/((-5)/(-1 - 4)). What is the highest common factor of 10 and l?
5
Let f = 11 - -19. What is the greatest common factor of f and 6?
6
Suppose 5*v - 60 = 4*q, -v - 4*q = -2*q + 2. What is the greatest common factor of 16 and v?
8
Let i(l) = 15*l - 2. Let d be i(2). Let y = d + -40. Let t be ((-28)/(-3))/((-4)/y). What is the highest common factor of t and 14?
14
Let w be (-6)/21 + (-72)/(-7). Suppose 2*b = 177 + 43. Calculate the greatest common divisor of b and w.
10
Let r be 80/6*(5/2 - 1). What is the greatest common divisor of r and 140?
20
Let v be (0 + 2/(-1))*-2. Suppose 2*z = 10, -v*w + 4*z + 19 = -45. Suppose -t + 210 = -0*t. Calculate the highest common divisor of t and w.
21
Let t(d) be the second derivative of -d**5/20 + 2*d**4/3 + d**3/3 + 4*d**2 + d. Let x = -8 + 16. Let z be t(x). Calculate the greatest common factor of z and 8.
8
Suppose 0 = 2*f + 3*f - 4*v - 53, 0 = 3*f - 2*v - 31. What is the highest common divisor of 36 and f?
9
Let n be 6/54 + (-179)/(-9). What is the greatest common factor of 220 and n?
20
Suppose 0*o - o = -1. Let b = 3 + o. Suppose 0 = -9*x + b*x + 100. Calculate the highest common factor of 2 and x.
2
Let v be (-150)/(-14) + (-14)/(-49). Let z be (3*-11)/((-1)/3). Calculate the highest common divisor of z and v.
11
Let b be (508/(-6))/(2/(-3)). Suppose 5*t - b = -4*c - 35, 5*c = -5*t + 110. Calculate the greatest common factor of 18 and c.
18
Let q be 2/((-2)/(-1)) + -1. Suppose -f - 4*f + 45 = q. Let x = -183 + 264. What is the highest common factor of f and x?
9
Suppose 5*i + j - 1924 = 0, i = 3*i - 3*j - 773. Calculate the greatest common divisor of 35 and i.
35
Suppose 0 = 2*u - 5*t + 3, 0 = 5*u - 5*t - 1 + 16. Let f = -2 + u. Let n be (f/5)/(15/(-50)). Calculate the highest common divisor of 1 and n.
1
Let q = -3 + 8. Suppose -q*y + 110 = -5*n, -y + 14 + 8 = 5*n. Calculate the greatest common factor of 154 and y.
22
Let j = 48 - 30. Suppose -84 = -3*c + 24. What is the highest common divisor of c and j?
18
Suppose 3*p + 20 = 8*p. Calculate the greatest common factor of p and 8.
4
Suppose 4*t + 5*y = t + 71, 0 = -2*y - 10. Calculate the highest common factor of t and 4.
4
Let a = 32 + -23. Suppose -h + 10 = -b, -4*b - h - 85 = 4*h. Let r be -2 - b - a/3. Calculate the greatest common divisor of r and 70.
10
Suppose -2